
1258
Convert -2660 (base 8) to base 11.
-1104
What is 6524 (base 7) in base 2?
100100010001
13124 (base 6) to base 14
a28
-3110121 (base 4) to base 14
-4d4d
Convert -10021121 (base 3) to base 16.
-958
8976 (base 10) to base 12
5240
Convert 1221110 (base 3) to base 7.
4062
1841 (base 10) to base 5
24331
What is -4ee (base 16) in base 10?
-1262
Convert 90 (base 15) to base 8.
207
What is -86c (base 15) in base 4?
-131232
What is -2314 (base 11) in base 2?
-101111100000
Convert -db (base 15) to base 3.
-21122
What is -1f3 (base 16) in base 3?
-200111
What is -17138 (base 10) in base 11?
-11970
6330 (base 9) to base 14
199a
What is -2542 (base 6) in base 14?
-338
What is 1663 (base 7) in base 12?
48a
Convert 417 (base 9) to base 16.
154
What is -13131 (base 5) in base 8?
-2021
-1993 (base 10) to base 8
-3711
-22231 (base 4) to base 14
-36d
What is 1443 (base 8) in base 16?
323
What is -668 (base 13) in base 16?
-44c
What is -155 (base 12) in base 2?
-11010001
What is -2888 (base 11) in base 7?
-13602
What is 53364 (base 7) in base 3?
200010220
What is -658 (base 12) in base 14?
-4a8
Convert -1022003 (base 6) to base 2.
-1100001000010011
Convert -848 (base 11) to base 16.
-3fc
Convert 1069 (base 10) to base 4.
100231
What is 324 (base 10) in base 4?
11010
What is 604 (base 9) in base 15?
22a
Convert 2144 (base 8) to base 6.
5112
What is 1313 (base 6) in base 10?
333
-4112 (base 5) to base 4
-20110
Convert 147003 (base 8) to base 3.
2200100022
2574 (base 9) to base 8
3612
Convert -1422 (base 5) to base 11.
-1a6
Convert -4a2 (base 12) to base 2.
-1010111010
-183 (base 14) to base 7
-623
What is -14b (base 14) in base 10?
-263
5085 (base 9) to base 5
104342
Convert -134 (base 8) to base 12.
-78
a7c (base 16) to base 8
5174
Convert 535 (base 15) to base 4.
102113
Convert 214 (base 10) to base 11.
185
What is 222 (base 9) in base 11?
156
Convert 533 (base 10) to base 11.
445
What is -272 (base 8) in base 11?
-15a
Convert -21121112 (base 3) to base 15.
-199e
Convert -3114111 (base 5) to base 8.
-143724
Convert 10023 (base 7) to base 12.
1496
-1152 (base 6) to base 9
-345
What is 58d (base 15) in base 12?
88a
Convert -35515 (base 6) to base 4.
-1100213
-3171 (base 15) to base 6
-120224
-4152 (base 8) to base 6
-13550
Convert bb9 (base 13) to base 12.
11b7
Convert 343144 (base 6) to base 4.
13020220
559 (base 16) to base 15
614
-202 (base 7) to base 14
-72
What is -10123 (base 4) in base 2?
-100011011
Convert -1101011110101001 (base 2) to base 14.
-16197
Convert 861d (base 14) to base 11.
16440
35251 (base 7) to base 13
4174
What is -44060 (base 10) in base 8?
-126034
Convert -134020 (base 6) to base 13.
-5928
-578 (base 9) to base 15
-21b
-22312 (base 5) to base 11
-1209
Convert -110133 (base 4) to base 11.
-a92
Convert 8d3 (base 16) to base 6.
14243
-4782 (base 10) to base 2
-1001010101110
What is 1105 (base 6) in base 7?
515
What is -1000000001110001 (base 2) in base 6?
-412121
Convert -341203 (base 6) to base 9.
-43453
2dd (base 15) to base 7
1630
2032433 (base 5) to base 3
1200221111
Convert -2ffd (base 16) to base 12.
-7139
What is 4921 (base 16) in base 3?
221200101
Convert -629 (base 10) to base 2.
-1001110101
What is 7652 (base 11) in base 2?
10011101110100
What is 4590 (base 10) in base 2?
1000111101110
Convert -3e9 (base 15) to base 4.
-31332
-4699 (base 11) to base 8
-14016
What is -1043 (base 11) in base 7?
-4006
Convert 1160 (base 8) to base 2.
1001110000
Convert -1100002 (base 3) to base 15.
-44e
What is 101010 (base 3) in base 6?
1133
What is 107 (base 13) in base 12?
128
111451 (base 6) to base 9
13874
1b69 (base 13) to base 9
5613
-4424 (base 5) to base 15
-2ae
Convert -2222120 (base 3) to base 14.
-b15
Convert 121112 (base 4) to base 10.
1622
What is -cc4 (base 13) in base 4?
-202030
-18b5c (base 13) to base 14
-1373b
What is -756 (base 9) in base 2?
-1001101010
-122122 (base 3) to base 9
-578
Convert 2b284 (base 12) to base 5.
3421433
Convert -17a41 (base 11) to base 13.
-b626
Convert -5906 (base 11) to base 5.
-222000
-21210012 (base 3) to base 14
-20d5
45342 (base 7) to base 16
2ce8
What is 15d (base 16) in base 13?
20b
What is -1935 (base 13) in base 14?
-152a
What is -250a (base 11) in base 10?
-3277
-12944 (base 11) to base 5
-1042230
What is -224024 (base 5) in base 8?
-17516
Convert 469 (base 10) to base 5.
3334
-1122122 (base 3) to base 13
-719
Convert -1416 (base 7) to base 8.
-1050
Convert -2300 (base 7) to base 6.
-3505
239 (base 14) to base 13
281
200112 (base 3) to base 4
13310
-3602 (base 16) to base 8
-33002
76373 (base 8) to base 13
11742
-2ba3 (base 16) to base 5
-324141
What is -101010011010000 (base 2) in base 5?
-1143322
Convert -234 (base 9) to base 10.
-193
Convert 808c (base 16) to base 15.
9b3d
What is -330444 (base 5) in base 3?
-120121021
Convert -15a (base 13) to base 7.
-466
-1536 (base 7) to base 10
-615
What is 17342 (base 8) in base 14?
2c4a
What is 2b18 (base 16) in base 9?
16117
-13b (base 13) to base 3
-22010
Convert 111111011010 (base 2) to base 16.
fda
4022 (base 8) to base 15
92b
What is 32223 (base 4) in base 6?
4203
Convert -6737 (base 10) to base 2.
-1101001010001
Convert -7bec (base 15) to base 6.
-321510
What is -173057 (base 8) in base 12?
-3057b
22112 (base 3) to base 11
19a
-22320 (base 4) to base 12
-4a0
Convert 9a8 (base 14) to base 4.
131320
407 (base 15) to base 10
907
What is 1142 (base 11) in base 8?
2732
Convert 23771 (base 11) to base 4.
20112120
13ab (base 13) to base 4
230131
211011001 (base 3) to base 12
9417
Convert -105123 (base 6) to base 15.
-298c
482 (base 11) to base 3
210021
Convert -4554 (base 6) to base 13.
-64c
What is -767 (base 11) in base 4?
-32120
Convert 115 (base 10) to base 15.
7a
What is -1c1b (base 13) in base 15?
-13d4
Convert 216602 (base 7) to base 6.
453345
What is 628 (base 15) in base 8?
2554
10100111111 (base 2) to base 14
6bd
-112012 (base 4) to base 16
-586
Convert -7387 (base 9) to base 15.
-191a
10015 (base 8) to base 7
14660
3ca2 (base 16) to base 12
8b96
Convert 12001 (base 3) to base 5.
1021
-2105 (base 14) to base 15
-1a44
Convert -3014 (base 5) to base 9.
-466
What is 1586 (base 16) in base 10?
5510
Convert -35e (base 15) to base 11.
-635
Convert -100100110 (base 2) to base 4.
-10212
What is 54b3 (base 13) in base 12?
69bb
Convert 2226 (base 7) to base 2.
1100100100
Convert -951 (base 12) to base 13.
-805
What is -6048 (base 9) in base 7?
-15611
-2704 (base 8) to base 16
-5c4
33255 (base 7) to base 6
102430
Convert -21964 (base 11) to base 10.
-31772
Convert 1845 (base 11) to base 13.
10b8
Convert 2955 (base 10) to base 6.
21403
What is 616 (base 10) in base 8?
1150
What is 23 (base 8) in base 11?
18
1c6 (base 15) to base 16
19b
1323333 (base 4) to base 8
17377
Convert -524 (base 13) to base 2.
-1101101011
What is -1001001001011 (base 2) in base 11?
-3578
What is -20101 (base 5) in base 10?
-1276
-2a (base 14) to base 5
-123
What is -2845 (base 9) in base 2?
-100001100011
Convert 192 (base 16) to base 15.
1bc
What is -273 (base 12) in base 6?
-1423
What is -136886 (base 9) in base 10?
-83832
-3bb (base 14) to base 10
-753
-111000110110100 (base 2) to base 3
-1110221002
-1010011110110 (base 2) to base 5
-132431
What is 99a (base 14) in base 13?
b32
3c9 (base 13) to base 5
10142
What is 14343 (base 5) in base 14?
635
What is 101010010 (base 2) in base 9?
415
What is -3c2 (base 15) in base 12?
-5b5
What is -1100111 (base 2) in base 10?
-103
What is -12201101 (base 3) in base 13?
-1b88
Convert -1101001001 (base 2) to base 15.
-3b1
What is -205 (base 16) in base 12?
-371
-1360 (base 11) to base 2
-11011100000
-322 (base 10) to base 16
-142
Convert -931 (base 16) to base 9.
-3204
What is -10001001111 (base 2) in base 15?
-4d8
Convert -23151 (base 10) to base 2.
-101101001101111
Convert 1246 (base 7) to base 4.
13123
-25002 (base 11) to base 7
-206531
What is e598 (base 15) in base 3?
2110112222
-4032 (base 7) to base 16
-573
What is -31960 (base 10) in base 6?
-403544
What is 362 (base 8) in base 11?
200
58de (base 15) to base 16
49c4
What is 3277 (base 10) in base 5?
101102
Convert 386 (base 15) to base 9.
1080
What is -2204 (base 5) in base 11?
-257
What is -1041 (base 7) in base 9?
-453
What is -23010 (base 4) in base 6?
-3140
What is -240243 (